{"id":881,"date":"2023-05-11T19:50:02","date_gmt":"2023-05-11T19:50:02","guid":{"rendered":"https:\/\/kinesiologiakese.es\/Jorge\/?page_id=881"},"modified":"2023-05-11T21:27:25","modified_gmt":"2023-05-11T21:27:25","slug":"numerologia","status":"publish","type":"page","link":"https:\/\/kinesiologiakese.es\/Jorge\/numerologia\/","title":{"rendered":"Numerolog\u00eda"},"content":{"rendered":"<p>Los <strong>n\u00fameros<\/strong> no son solo los que vemos en las clases de matem\u00e1tica. Son pura energ\u00eda, y gracias a la numerolog\u00eda, la disciplina que los estudia, es posible entender cada uno de <strong>sus significados<\/strong> y qu\u00e9 nos quieren decir.<\/p>\n<p><!-- \/wp:paragraph --><\/p>\n<p><!-- wp:paragraph --><\/p>\n<p>Fue Pit\u00e1goras, uno de los grandes sabios de la antig\u00fcedad, el que sent\u00f3 las bases de la numerolog\u00eda. Para el fil\u00f3sofo y matem\u00e1tico griego, <strong>los n\u00fameros eran esencias de la divinidad<\/strong>. Representaban arquetipos y guardaban ideas-fuerza ligadas a las energ\u00edas.<\/p>\t\t\n\t\t\t\t\t\t\t\t\t\t\t\t\t\t\t<img width=\"767\" height=\"431\" src=\"https:\/\/kinesiologiakese.es\/Jorge\/wp-content\/uploads\/2023\/05\/6-768x432.jpg\" alt=\"Numerolog\u00eda\" loading=\"lazy\" srcset=\"https:\/\/kinesiologiakese.es\/Jorge\/wp-content\/uploads\/2023\/05\/6-768x432.jpg 768w, https:\/\/kinesiologiakese.es\/Jorge\/wp-content\/uploads\/2023\/05\/6-300x169.jpg 300w, https:\/\/kinesiologiakese.es\/Jorge\/wp-content\/uploads\/2023\/05\/6-1024x576.jpg 1024w, https:\/\/kinesiologiakese.es\/Jorge\/wp-content\/uploads\/2023\/05\/6-1536x864.jpg 1536w, https:\/\/kinesiologiakese.es\/Jorge\/wp-content\/uploads\/2023\/05\/6-107x60.jpg 107w, https:\/\/kinesiologiakese.es\/Jorge\/wp-content\/uploads\/2023\/05\/6.jpg 1920w\" sizes=\"(max-width: 767px) 100vw, 767px\" \/>\t\t\t\t\t\t\t\t\t\t\t\t\t\t\t\n\t\t<p><!-- wp:paragraph --><\/p>\n<p><!-- \/wp:paragraph --><\/p>\n<p><!-- wp:paragraph --><\/p>\n<p>Le\u00eddos a trav\u00e9s de la <strong>carta numerolog\u00eda<\/strong>, los n\u00fameros se erigen como herramienta para el <strong>autoconocimiento<\/strong>. Dan una mano con las grandes preguntas existenciales, ya que pueden ayudarnos a entender de d\u00f3nde venimos y hacia d\u00f3nde vamos, qu\u00e9 desaf\u00edos y oportunidades tendremos y qu\u00e9 aprendizajes vinimos cumplir en nuestra vida. Entonces, es muy \u00fatil saber <strong>qu\u00e9 significa cada n\u00famero seg\u00fan las fuerzas espirituales<\/strong>.<\/p>\n<p><!-- \/wp:paragraph --><\/p>\n<p><!-- wp:paragraph --><\/p>\n<p>A trav\u00e9s de tu n\u00famero de nacimiento, de destino, de desaf\u00edo, de karma y de misi\u00f3n, de vida, te propongo un estudio-resumen para que te orientes en tus tendencias de tus n\u00fameros personales y puedas tener presente c\u00f3mo poder gestionarlas.<\/p>\n<p><!-- \/wp:paragraph --><\/p>\n<p><!-- wp:paragraph --><\/p>\n<p>\u00a1Te sorprender\u00e1!!<\/p>\n<p><!-- \/wp:paragraph --><\/p>\n<p><!-- wp:paragraph --><\/p>\n<p>\u00a1Pide tu estudio-resumen y conocer\u00e1s mucho mejor qui\u00e9n eres y qui\u00e9n puedes llegar a ser!!<\/p>\n<p><!-- \/wp:paragraph --><\/p>\t\t\n\t\t\t\t\t\t\t\t\t\t\t\t\t\t\t<img width=\"225\" height=\"225\" src=\"https:\/\/kinesiologiakese.es\/Jorge\/wp-content\/uploads\/2023\/05\/Numerologia-1.png\" alt=\"Numerologia-1\" loading=\"lazy\" srcset=\"https:\/\/kinesiologiakese.es\/Jorge\/wp-content\/uploads\/2023\/05\/Numerologia-1.png 225w, https:\/\/kinesiologiakese.es\/Jorge\/wp-content\/uploads\/2023\/05\/Numerologia-1-150x150.png 150w, https:\/\/kinesiologiakese.es\/Jorge\/wp-content\/uploads\/2023\/05\/Numerologia-1-60x60.png 60w\" sizes=\"(max-width: 225px) 100vw, 225px\" \/>\t\t\t\t\t\t\t\t\t\t\t\t\t\t\t\n\t\t<p style=\"line-height: 108%; margin-bottom: 0.28cm\">\n<font color=\"#333333\"><font face=\"Arial, serif\"><font style=\"font-size: 13pt\">Representan\nuna gu\u00eda para ampliar el potencial individual y para liberarse de\nlos miedos, ayudando al hombre a tener dominio de si mismo.<\/font><\/font><\/font><\/p>","protected":false},"excerpt":{"rendered":"<p>Los n\u00fameros no son solo los que vemos en las clases de matem\u00e1tica. Son pura energ\u00eda, y gracias a la numerolog\u00eda,la disciplina que los estudia, es posible entender cada uno de sus significados y qu\u00e9 nos quieren decir.<\/p>\n","protected":false},"author":1,"featured_media":889,"parent":0,"menu_order":0,"comment_status":"closed","ping_status":"closed","template":"","meta":[],"yoast_head":"<!-- This site is optimized with the Yoast SEO plugin v18.9 - https:\/\/yoast.com\/wordpress\/plugins\/seo\/ -->\n<title>Numerolog\u00eda - Jorge Kinesiolog&iacute;a<\/title>\n<meta name=\"robots\" content=\"index, follow, max-snippet:-1, max-image-preview:large, max-video-preview:-1\" \/>\n<link rel=\"canonical\" href=\"https:\/\/kinesiologiakese.es\/Jorge\/numerologia\/\" \/>\n<meta property=\"og:locale\" content=\"es_ES\" \/>\n<meta property=\"og:type\" content=\"article\" \/>\n<meta property=\"og:title\" content=\"Numerolog\u00eda - Jorge Kinesiolog&iacute;a\" \/>\n<meta property=\"og:description\" content=\"Los n\u00fameros no son solo los que vemos en las clases de matem\u00e1tica. Son pura energ\u00eda, y gracias a la numerolog\u00eda,la disciplina que los estudia, es posible entender cada uno de sus significados y qu\u00e9 nos quieren decir.\" \/>\n<meta property=\"og:url\" content=\"https:\/\/kinesiologiakese.es\/Jorge\/numerologia\/\" \/>\n<meta property=\"og:site_name\" content=\"Jorge Kinesiolog&iacute;a\" \/>\n<meta property=\"article:modified_time\" content=\"2023-05-11T21:27:25+00:00\" \/>\n<meta property=\"og:image\" content=\"https:\/\/kinesiologiakese.es\/Jorge\/wp-content\/uploads\/2023\/05\/17.jpg\" \/>\n\t<meta property=\"og:image:width\" content=\"1920\" \/>\n\t<meta property=\"og:image:height\" content=\"1080\" \/>\n\t<meta property=\"og:image:type\" content=\"image\/jpeg\" \/>\n<meta name=\"twitter:card\" content=\"summary_large_image\" \/>\n<meta name=\"twitter:label1\" content=\"Tiempo de lectura\" \/>\n\t<meta name=\"twitter:data1\" content=\"2 minutos\" \/>\n<script type=\"application\/ld+json\" class=\"yoast-schema-graph\">{\"@context\":\"https:\/\/schema.org\",\"@graph\":[{\"@type\":\"WebSite\",\"@id\":\"https:\/\/kinesiologiakese.es\/Jorge\/#website\",\"url\":\"https:\/\/kinesiologiakese.es\/Jorge\/\",\"name\":\"Jorge Kinesiolog&iacute;a\",\"description\":\"El Test kinesiol&oacute;gico te ayudar&aacute; a reconocer lo que te impide avanzar en tu vida.\",\"potentialAction\":[{\"@type\":\"SearchAction\",\"target\":{\"@type\":\"EntryPoint\",\"urlTemplate\":\"https:\/\/kinesiologiakese.es\/Jorge\/?s={search_term_string}\"},\"query-input\":\"required name=search_term_string\"}],\"inLanguage\":\"es\"},{\"@type\":\"ImageObject\",\"inLanguage\":\"es\",\"@id\":\"https:\/\/kinesiologiakese.es\/Jorge\/numerologia\/#primaryimage\",\"url\":\"https:\/\/kinesiologiakese.es\/Jorge\/wp-content\/uploads\/2023\/05\/17.jpg\",\"contentUrl\":\"https:\/\/kinesiologiakese.es\/Jorge\/wp-content\/uploads\/2023\/05\/17.jpg\",\"width\":1920,\"height\":1080,\"caption\":\"Papiros\"},{\"@type\":\"WebPage\",\"@id\":\"https:\/\/kinesiologiakese.es\/Jorge\/numerologia\/#webpage\",\"url\":\"https:\/\/kinesiologiakese.es\/Jorge\/numerologia\/\",\"name\":\"Numerolog\u00eda - Jorge Kinesiolog&iacute;a\",\"isPartOf\":{\"@id\":\"https:\/\/kinesiologiakese.es\/Jorge\/#website\"},\"primaryImageOfPage\":{\"@id\":\"https:\/\/kinesiologiakese.es\/Jorge\/numerologia\/#primaryimage\"},\"datePublished\":\"2023-05-11T19:50:02+00:00\",\"dateModified\":\"2023-05-11T21:27:25+00:00\",\"breadcrumb\":{\"@id\":\"https:\/\/kinesiologiakese.es\/Jorge\/numerologia\/#breadcrumb\"},\"inLanguage\":\"es\",\"potentialAction\":[{\"@type\":\"ReadAction\",\"target\":[\"https:\/\/kinesiologiakese.es\/Jorge\/numerologia\/\"]}]},{\"@type\":\"BreadcrumbList\",\"@id\":\"https:\/\/kinesiologiakese.es\/Jorge\/numerologia\/#breadcrumb\",\"itemListElement\":[{\"@type\":\"ListItem\",\"position\":1,\"name\":\"Portada\",\"item\":\"https:\/\/kinesiologiakese.es\/Jorge\/\"},{\"@type\":\"ListItem\",\"position\":2,\"name\":\"Numerolog\u00eda\"}]}]}<\/script>\n<!-- \/ Yoast SEO plugin. -->","yoast_head_json":{"title":"Numerolog\u00eda - Jorge Kinesiolog&iacute;a","robots":{"index":"index","follow":"follow","max-snippet":"max-snippet:-1","max-image-preview":"max-image-preview:large","max-video-preview":"max-video-preview:-1"},"canonical":"https:\/\/kinesiologiakese.es\/Jorge\/numerologia\/","og_locale":"es_ES","og_type":"article","og_title":"Numerolog\u00eda - Jorge Kinesiolog&iacute;a","og_description":"Los n\u00fameros no son solo los que vemos en las clases de matem\u00e1tica. Son pura energ\u00eda, y gracias a la numerolog\u00eda,la disciplina que los estudia, es posible entender cada uno de sus significados y qu\u00e9 nos quieren decir.","og_url":"https:\/\/kinesiologiakese.es\/Jorge\/numerologia\/","og_site_name":"Jorge Kinesiolog&iacute;a","article_modified_time":"2023-05-11T21:27:25+00:00","og_image":[{"width":1920,"height":1080,"url":"https:\/\/kinesiologiakese.es\/Jorge\/wp-content\/uploads\/2023\/05\/17.jpg","type":"image\/jpeg"}],"twitter_card":"summary_large_image","twitter_misc":{"Tiempo de lectura":"2 minutos"},"schema":{"@context":"https:\/\/schema.org","@graph":[{"@type":"WebSite","@id":"https:\/\/kinesiologiakese.es\/Jorge\/#website","url":"https:\/\/kinesiologiakese.es\/Jorge\/","name":"Jorge Kinesiolog&iacute;a","description":"El Test kinesiol&oacute;gico te ayudar&aacute; a reconocer lo que te impide avanzar en tu vida.","potentialAction":[{"@type":"SearchAction","target":{"@type":"EntryPoint","urlTemplate":"https:\/\/kinesiologiakese.es\/Jorge\/?s={search_term_string}"},"query-input":"required name=search_term_string"}],"inLanguage":"es"},{"@type":"ImageObject","inLanguage":"es","@id":"https:\/\/kinesiologiakese.es\/Jorge\/numerologia\/#primaryimage","url":"https:\/\/kinesiologiakese.es\/Jorge\/wp-content\/uploads\/2023\/05\/17.jpg","contentUrl":"https:\/\/kinesiologiakese.es\/Jorge\/wp-content\/uploads\/2023\/05\/17.jpg","width":1920,"height":1080,"caption":"Papiros"},{"@type":"WebPage","@id":"https:\/\/kinesiologiakese.es\/Jorge\/numerologia\/#webpage","url":"https:\/\/kinesiologiakese.es\/Jorge\/numerologia\/","name":"Numerolog\u00eda - Jorge Kinesiolog&iacute;a","isPartOf":{"@id":"https:\/\/kinesiologiakese.es\/Jorge\/#website"},"primaryImageOfPage":{"@id":"https:\/\/kinesiologiakese.es\/Jorge\/numerologia\/#primaryimage"},"datePublished":"2023-05-11T19:50:02+00:00","dateModified":"2023-05-11T21:27:25+00:00","breadcrumb":{"@id":"https:\/\/kinesiologiakese.es\/Jorge\/numerologia\/#breadcrumb"},"inLanguage":"es","potentialAction":[{"@type":"ReadAction","target":["https:\/\/kinesiologiakese.es\/Jorge\/numerologia\/"]}]},{"@type":"BreadcrumbList","@id":"https:\/\/kinesiologiakese.es\/Jorge\/numerologia\/#breadcrumb","itemListElement":[{"@type":"ListItem","position":1,"name":"Portada","item":"https:\/\/kinesiologiakese.es\/Jorge\/"},{"@type":"ListItem","position":2,"name":"Numerolog\u00eda"}]}]}},"_links":{"self":[{"href":"https:\/\/kinesiologiakese.es\/Jorge\/wp-json\/wp\/v2\/pages\/881"}],"collection":[{"href":"https:\/\/kinesiologiakese.es\/Jorge\/wp-json\/wp\/v2\/pages"}],"about":[{"href":"https:\/\/kinesiologiakese.es\/Jorge\/wp-json\/wp\/v2\/types\/page"}],"author":[{"embeddable":true,"href":"https:\/\/kinesiologiakese.es\/Jorge\/wp-json\/wp\/v2\/users\/1"}],"replies":[{"embeddable":true,"href":"https:\/\/kinesiologiakese.es\/Jorge\/wp-json\/wp\/v2\/comments?post=881"}],"version-history":[{"count":18,"href":"https:\/\/kinesiologiakese.es\/Jorge\/wp-json\/wp\/v2\/pages\/881\/revisions"}],"predecessor-version":[{"id":906,"href":"https:\/\/kinesiologiakese.es\/Jorge\/wp-json\/wp\/v2\/pages\/881\/revisions\/906"}],"wp:featuredmedia":[{"embeddable":true,"href":"https:\/\/kinesiologiakese.es\/Jorge\/wp-json\/wp\/v2\/media\/889"}],"wp:attachment":[{"href":"https:\/\/kinesiologiakese.es\/Jorge\/wp-json\/wp\/v2\/media?parent=881"}],"curies":[{"name":"wp","href":"https:\/\/api.w.org\/{rel}","templated":true}]}}